71 a composite number?
False
Is 55379 composite?
True
Is 603719 prime?
True
Is 70591 a composite number?
True
Is 27799 a prime number?
True
Is 1271657 a composite number?
False
Is 263045 a composite number?
True
Is 13523 a prime number?
True
Is 5079 composite?
True
Is 337 a prime number?
True
Is 270469 composite?
True
Is 417007 a composite number?
False
Is 554801 prime?
False
Is 516403 a prime number?
False
Is 35589 a prime number?
False
Is 126827 prime?
True
Is 226991 composite?
False
Is 64133 composite?
True
Is 3097 prime?
False
Is 1880621 a composite number?
True
Is 17609 composite?
False
Is 32531 a prime number?
True
Is 56779 prime?
True
Is 26711 prime?
True
Is 5838163 a composite number?
False
Is 99469 prime?
True
Is 5303 a prime number?
True
Is 284313 a prime number?
False
Is 126989 composite?
False
Is 5839 prime?
True
Is 86069 a composite number?
False
Is 375547 a prime number?
False
Is 45383 a composite number?
True
Is 40343 prime?
True
Is 51239 a prime number?
True
Is 9235 composite?
True
Is 781 a composite number?
True
Is 549341 a composite number?
True
Is 14253 composite?
True
Is 32863 prime?
False
Is 12007 prime?
True
Is 20191 a composite number?
True
Is 278569 a composite number?
True
Is 195677 a composite number?
False
Is 81749 a prime number?
True
Is 40323 a composite number?
True
Is 1214 a composite number?
True
Is 86665 prime?
False
Is 21341 composite?
False
Is 720481 prime?
True
Is 69101 a composite number?
True
Is 422323 a composite number?
True
Is 261959 a composite number?
False
Is 82339 a prime number?
True
Is 877811 a composite number?
True
Is 326351 composite?
False
Is 26671 prime?
False
Is 1312343 a prime number?
True
Is 1139 a composite number?
True
Is 588619 a composite number?
False
Is 5713 a prime number?
False
Is 5227 a prime number?
True
Is 7243 a prime number?
True
Is 57287 a prime number?
True
Is 1420187 a composite number?
True
Is 308123 a prime number?
False
Is 30421 prime?
False
Is 3821 a composite number?
False
Is 51655 a prime number?
False
Is 2141693 a prime number?
True
Is 7855 composite?
True
Is 1039283 a composite number?
True
Is 30035 prime?
False
Is 9935 a composite number?
True
Is 1919033 composite?
True
Is 2767 a prime number?
True
Is 257921 prime?
True
Is 260137 a prime number?
True
Is 159 composite?
True
Is 8951 composite?
False
Is 390263 a composite number?
False
Is 26063 a composite number?
True
Is 23393 prime?
False
Is 292451 composite?
True
Is 1605371 composite?
True
Is 1973 composite?
False
Is 907097 prime?
False
Is 5189 composite?
False
Is 81739 a composite number?
True
Is 4963 a prime number?
False
Is 951035 prime?
False
Is 37029 a composite number?
True
Is 87923 a prime number?
False
Is 38821 composite?
False
Is 4569 a composite number?
True
Is 147991 a prime number?
False
Is 27613 prime?
False
Is 5303 prime?
True
Is 5623 composite?
False
Is 6803 prime?
True
Is 895747 prime?
False
Is 76017 prime?
False
Is 372763 a composite number?
False
Is 51473 prime?
True
Is 8651 a prime number?
False
Is 3263 prime?
False
Is 84863 a prime number?
False
Is 50261 a prime number?
True
Is 23599 a prime number?
True
Is 1184981 a prime number?
False
Is 2159 composite?
True
Is 42899 composite?
False
Is 4329961 prime?
False
Is 11246 prime?
False
Is 18701 prime?
True
Is 89299 composite?
True
Is 56857 prime?
True
Is 8899 composite?
True
Is 10037 a composite number?
False
Is 4266217 a prime number?
True
Is 25379 composite?
True
Is 15506 a prime number?
False
Is 89801 composite?
True
Is 628909 composite?
False
Is 274 a composite number?
True
Is 5171 prime?
True
Is 1561 prime?
False
Is 1186 composite?
True
Is 46351 prime?
True
Is 17555 prime?
False
Is 25667 composite?
False
Is 197605 composite?
True
Is 150545 composite?
True
Is 47189 prime?
True
Is 95701 a composite number?
False
Is 36291 a composite number?
True
Is 59065 prime?
False
Is 472553 prime?
False
Is 32687 a composite number?
False
Is 58189 prime?
True
Is 120437 composite?
True
Is 34793 a prime number?
False
Is 15787 composite?
False
Is 421147 composite?
False
Is 1046614 a composite number?
True
Is 12451 a composite number?
False
Is 12323 prime?
True
Is 233173 composite?
False
Is 14143 prime?
True
Is 8331 a composite number?
True
Is 5191151 composite?
True
Is 857749 composite?
False
Is 25931 prime?
True
Is 61733 a composite number?
True
Is 3863 prime?
True
Is 9969 a prime number?
False
Is 948659 a composite number?
False
Is 15901 composite?
False
Is 35599 a prime number?
False
Is 167701 a composite number?
True
Is 2066287 a prime number?
True
Is 2729227 a composite number?
False
Is 851 a prime number?
False
Is 2039 prime?
True
Is 8251 composite?
True
Is 7465 prime?
False
Is 26053 a composite number?
False
Is 25163 prime?
True
Is 1295447 composite?
False
Is 80269 a composite number?
True
Is 601541 composite?
False
Is 260989 prime?
False
Is 3881 a prime number?
True
Is 155 prime?
False
Is 33209 prime?
False
Is 11719 prime?
True
Is 75817 prime?
False
Is 25059 a composite number?
True
Is 31138 prime?
False
Is 25861 a prime number?
False
Is 966517 a prime number?
False
Is 688717 prime?
True
Is 358 a prime number?
False
Is 2833 a prime number?
True
Is 1319 a prime number?
True
Is 3683 composite?
True
Is 508037 prime?
True
Is 616799 composite?
False
Is 26457 a prime number?
False
Is 2005309 composite?
True
Is 1931 a prime number?
True
Is 398651 composite?
True
Is 9391 a composite number?
False
Is 259397 a prime number?
True
Is 219431 composite?
True
Is 3203 a prime number?
True
Is 52667 composite?
False
Is 141227 a composite number?
True
Is 57703 a prime number?
False
Is 162031 prime?
False
Is 913 prime?
False
Is 310459 a composite number?
False
Is 49757 composite?
False
Is 388519 a prime number?
True
Is 2333 composite?
False
Is 2846 prime?
False
Is 396667 a prime number?
True
Is 2653 a prime number?
False
Is 2479 a composite number?
True
Is 611257 a prime number?
True
Is 4819 a prime number?
False
Is 24431 a composite number?
True
Is 164785 a prime number?
False
Is 186013 composite?
False
Is 11465 a prime number?
False
Is 148543 prime?
False
Is 48907 a prime number?
True
Is 13613 a composite number?
False
Is 446647 a composite number?
False
Is 325333 composite?
False
Is 2909 prime?
True
Is 132491 a prime number?
True
Is 1354981 prime?
True
Is 2827 a composite number?
True
Is 9643 a prime number?
True
Is 1383513 prime?
False
Is 25663 a prime number?
False
Is 105933 composite?
True
Is 1139137 composite?
True
Is 16379 a prime number?
False
Is 127299 a prime number?
False
Is 760309 composite?
True
Is 667519 a composite number?
False
Is 3265 prime?
False
Is 5021 a prime number?
True
Is 30211 a composite number?
False
Is 34667 prime?
True
Is 10290873 a prime number?
False
Is 20911 prime?
False
Is 104459 a composite number?
False
Is 25295 a prime number?
False
Is 12515 composite?
True
Is 4009 composite?
True
Is 125849 a composite number?
True
Is 259586 a prime number?
False
Is 9131 composite?
True
Is 105943 prime?
True
Is 3037 prime?
True
Is 126095 prime?
False
Is 1263047 composite?
False
Is 351827 a prime number?
False
Is 206797 prime?
False
Is 109882 a composite number?
True
Is 1043 a prime number?
False
Is 178417 a composite number?
False
Is 148609 prime?
True
Is 688991 a prime number?
False
Is 32051 a composite number?
False
Is 20089 prime?
True
Is 170327 composite?
False
Is 3263 composite?
True
Is 33122 prime?
False
Is 10751 a composite number?
True
Is 1733 a composite number?
False
Is 9229 prime?
False
Is 6119 a composite number?
True
Is 5531 a composite number?
False
Is 581809 prime?
True
Is 17723 a prime number?
False
Is 38221 composite?
True
Is 3613 a composite number?
False
Is 55661 prime?
True
Is 66073 a composite number?
True
Is 4685 composite?
True
Is 9643 a prime number?
True
Is 70571 a composite number?
False
Is 51449 a composite number?
False
Is 668843 prime?
False
Is 4703 a composite number?
False
Is 7607 composite?
False
Is 265929 a prime number?
False
Is 114074 prime?
False
Is 152183 composite?
False
Is 135955 composite?
True
Is 7330607 a composite number?
False
Is 116717 composite?
True
Is 228143 prime?
False
Is 573913 prime?
False
Is 348967 composite?
True
Is 40739 a composite number?
False
Is 1534579 prime?
True
Is 48065 a prime number?
Fals